 = 5*g + 258*g**2 - 11 - 249*g**2 + 4*g - 3*g + g**3 - 7*g. Suppose -5*j + 5*i = 30, -i + 0*i = 3*j + 30. What is y(j)?
-2
Let l(b) be the first derivative of b**4/24 + 3*b**2 - 2*b - 16. Let q(m) be the second derivative of l(m). What is q(-4)?
-4
Let w(f) = 2548 - 2694 + 435*f - 452*f. Give w(-9).
7
Suppose -9 = -x - 4*o + 8, -x - o + 2 = 0. Let l(u) = 367*u + 8 - 732*u - 2*u**2 - 10 + 361*u. Give l(x).
-8
Let t(u) = -u**2 + 12*u - 15. Suppose 19*o + 30 = 24*o. Let y(k) = -k**2 + 5*k + 9. Let p be y(o). Let a be (3*-5)/(p - (-36)/(-8)). What is t(a)?
5
Let a(f) = -139 - 12*f + 47 + 58 + 48 + 9*f. Calculate a(5).
-1
Let l be 108/(-20) + (-4)/(-10). Let d(w) = 22*w**2 + 135 + 34*w**2 - 84*w**2 - 136 + 6*w + 29*w**2 + w. Give d(l).
-11
Let h(g) be the third derivative of 3*g**4/8 - 29*g**3/6 - 190*g**2. Determine h(4).
7
Let r = -9 - -13. Let c(f) = 1251*f**3 + 3*f - 6 - 4*f**2 + 1258*f**3 - 3768*f**3 + 1260*f**3. Calculate c(r).
6
Let b(u) = 1011*u**2 - 1010*u**2 - 5*u - u + 1. Give b(7).
8
Let i(v) = -7*v**2 - 18*v - 12. Let r = 677 + -675. Let c(o) = 3*o**2 + 9*o + 7. Let q(d) = r*i(d) + 5*c(d). Calculate q(-6).
-7
Let f(k) be the first derivative of k**4/4 - 5*k**3/3 - 5*k**2 + 25*k + 1094. Determine f(6).
1
Let l(m) = 4*m - 1. Suppose 22*n - 6 = -4*j + 17*n, -5*n + 2 = 3*j. Suppose 25*q - j = 46. Give l(q).
7
Let r(j) be the first derivative of j**4/4 + 2*j**3 + 7*j**2/2 + 12*j - 7036. Suppose -11 = -g + 4*l, 5*g - 5*l + 1 + 4 = 0. Determine r(g).
2
Let q(i) be the first derivative of 9/2*i**2 - 8*i - 1/3*i**3 - 124. Calculate q(8).
0
Let n(v) = -5*v**2 + v. Suppose 5*i - 12 = -52. Let k be 4*((-100)/i)/(-5). Let f be (-3)/(18/4) + k/30. Calculate n(f).
-6
Let z(n) = -4 + n - 11 + 10*n**2 + 29 + n**3 - 18. Determine z(-9).
68
Suppose -20*b = -19*b - 7. Let g(o) = 5*o**2 - 3*o + 10. Let p(t) = 6*t**2 - 3*t + 10. Let r(z) = 5*g(z) - 4*p(z). Calculate r(b).
38
Let r(n) = 6*n - 11. Suppose 218 - 108 - 110 = -18*p. Give r(p).
-11
Let g(q) = 0*q + 0*q - 154 + q + 139. Suppose -368*i - 5*x = -372*i + 43, 0 = 5*x + 15. Calculate g(i).
-8
Let a(t) = 20*t**3 + 2*t - 10*t**3 - 3 + 13 + 12 - 16*t**2 - 11*t**3. What is a(-16)?
-10
Let h(d) be the first derivative of d**3/3 - 5*d**2/2 + 9*d - 1. Let t(l) = 165*l - 819. Let i be t(5). Determine h(i).
15
Let t(u) = 21*u + 55. Let n(y) = 7*y + 18. Let z(j) = 7*n(j) - 2*t(j). Let m be z(-8). Let l = 38 + m. Let q(f) = f**3 - f**2 - 1. Determine q(l).
-13
Let g(c) be the first derivative of -c**3/3 + 5*c**2/2 + 8*c - 138. Let p = -13 + 37. Suppose 0 = -3*w - w + p. Determine g(w).
2
Let a(s) = s**3 - 12*s**2 + 18*s + 2. Let c be a(2). Let p(g) = -g**2 + 16*g**2 + 2 - 15*g**2 + g**2 + 3*g. Determine p(c).
0
Let m(n) = -2*n**2 - 8*n + 17. Suppose 17*k - 25 = -110. Give m(k).
7
Let g be -1*(-2)/(-4) - (6650/(-152) + 43). Let a(m) be the first derivative of g*m**4 - 15 - 7/3*m**3 + 2*m**2 - 4*m. What is a(6)?
-16
Suppose d - 48 = -3*d. Suppose -3*a - d = -24. Suppose -a*f - 16 = 3*p - 54, -2*p + 2*f = -2. Let j(s) = -2*s + 8. Calculate j(p).
-4
Suppose -21*f + 149*f = 256. Let n(h) = -18*h + 5. What is n(f)?
-31
Let d(o) be the third derivative of -o**8/3360 + o**7/840 - o**5/120 - 16*o**4/3 - 2*o**2 + 6. Let f(z) be the second derivative of d(z). Give f(2).
-5
Let x(t) = -3*t**3 - 3*t**2 - 5*t - 3. Let y be -13 - 13/(-13)*12. Determine x(y).
2
Let y(z) = -z + 10 + 10 + 14 - 60 + 16. Let r = -23 + 16. Give y(r).
-3
Let h(u) = 13*u**3 + 55*u**2 + 68. Let r(a) = -3*a**3 - 13*a**2 - 17. Let y(v) = -2*h(v) - 9*r(v). Give y(-7).
17
Let r(l) = 6 - 359*l**2 + 715*l**2 - 357*l**2 - 2*l. What is r(6)?
-42
Let t(w) = -9*w + 3. Suppose 0 = -0*q + 4*q - 80. Suppose -7*x + 2*x + q = 0. Let n be (-1 + -3 + 11)*x/14. Determine t(n).
-15
Let u(z) = 2*z**2 + 8*z - 8. Suppose 178*h + 1096 - 46 = 160. Calculate u(h).
2
Let c(h) = 0*h**2 - 57*h**2 - 1188 + 1195 - 5*h - 1738*h**3 + 1730*h**3. What is c(-7)?
-7
Let w(z) = -z**2 - 10*z - 3. Let p be w(-10). Let x = 1 - p. Let a be (18/x)/((-3)/(-4)). Let n(q) = -q**3 + 7*q**2 - 5*q - 7. Give n(a).
-1
Let n(t) = 3*t + 42. Let g be n(-12). Let z(o) = -o + g*o - 7*o - 4*o + o**2 - 4. Let f = 17 - 12. What is z(f)?
-9
Let n(m) = -m**2 + 1. Let f(t) be the first derivative of 7*t**2/2 - 44*t - 68. Let p be f(6). Calculate n(p).
-3
Let u(c) = 6*c + 1. Let p(j) = -j**3 - 4*j**2 + 3*j - 17. Let y be p(-6). Let n = 45 - y. Suppose 4*s - x = -4*x + n, 2*s - 4 = -3*x. Give u(s).
13
Let z = -262 + 263. Let w(q) = 7*q**2 + 2 - 8 + 8*q + 6 - q**3 + z. Give w(8).
1
Let q be (-4)/(-6) + (-8)/12. Let d(f) = f**3 - 8*f**2 + 7*f + 19. Let w be d(7). Suppose 16*a - w*a + 27 = q. Let k(v) = -v**2 + 9*v - 1. Give k(a).
-1
Let p(z) be the second derivative of -z**3/6 + 4*z**2 - 13*z. Let g be (-6 - -1)/15 - (-2)/6. Determine p(g).
8
Let v(n) = -71*n - 778. Let a be v(-11). Let d(k) = -6*k + 18. What is d(a)?
0
Let o(z) be the second derivative of -z**3/6 - z**2/2 - 2*z. Let i = -3589 + 3588. What is o(i)?
0
Let m(b) = -107*b - 22. Let j(u) = -44*u - 11. Let n(l) = -5*j(l) + 2*m(l). What is n(-11)?
-55
Let t(h) = -h**2 - 10*h + 6. Let v(q) = q**2 + 11*q - 7. Let d(s) = -5*t(s) - 4*v(s). Suppose -38*c = -c + 23*c + 420. Give d(c).
5
Let u(c) be the first derivative of c**2/2 + 16. Let f(t) = t**2 - 6*t - 2. Let v(z) = -f(z) - 4*u(z). What is v(0)?
2
Let m(l) = -5 + l - l**2 + 0*l + 12. Suppose 0 = -15*k + 20*k - 90. Let a = k + -18. Calculate m(a).
7
Let z(r) be the second derivative of 0 + 3*r**2 - 5/6*r**3 + r. Let d(b) = b**3 - 57*b**2 + 597*b + 1390. Let j be d(42). What is z(j)?
-14
Suppose 0 = -3*n + 4*n - 2*q + 10, n - 5*q = -25. Let p(x) = 5966 - 139*x**2 - 5994 + 140*x**2 + x - 2*x**3 + 3*x**3. What is p(n)?
-28
Let f(d) = 3*d + 8. Let w(a) = 4*a**3 - 9*a**2 + 12*a - 12. Let r be w(6). Suppose 40*j + r = 45*j. Suppose 0 = 8*i + j - 48. Give f(i).
-19
Let t = -354 - -359. Let b(v) = -3*v - 9. Let w(j) = 3*j + 6. Let k(x) = t*b(x) + 6*w(x). Determine k(6).
9
Let h(c) = 2*c. Suppose -14*y + 138 = -30. Let l(f) = f**3. Let g(z) = -13*z**2 + 11*z + 8. Let m(p) = g(p) + l(p). Let a be m(y). Calculate h(a).
-8
Let h(b) = -17*b - 1. Let r(c) = -c**3 + 10*c**2 - 16*c + 3. Let s be r(8). Give h(s).
-52
Let b = -250 - -257. Let j(i) = 1 + 32*i**2 + b*i**3 - 8*i**3 - 39*i**2. What is j(-7)?
1
Let w(q) = 3*q - 3. Let t(c) = c. Let z(s) = 4*t(s) - w(s). Suppose 0 = 149*y - 152*y - 12, -2*f = -2*y + 4. What is z(f)?
-3
Let h(k) = 98*k + 1368. Let x be h(-14). Suppose 5 + 5 = 5*c. Let w(l) = 3*l - l + l**3 + 4*l**c - 4*l - 3. Calculate w(x).
5
Let h = -18286 + 18294. Let j(m) = m**2 + 7*m - 121. Determine j(h).
-1
Let j(o) = -o**3 + 11*o**2 + 3. Let k(u) = 3*u**3 - 25*u**2 - u - 5. Let x(l) = -5*j(l) - 2*k(l). Calculate x(-6).
19
Let q = 218 + -215. Let d(f) = f - 19*f**3 + 14*f**3 - 1 + q*f**3. Determine d(1).
-2
Let x(c) = c**3 + c**2 - 12*c - 17. Let y be x(-2). Let l(t) be the first derivative of -7/2*t**2 + 2*t + 1/3*t**y + 11. What is l(6)?
-4
Let r(g) = g**3 - 39*g**2 + 76*g - 23. Let u be r(37). Suppose u - 60 = 3*p. Let d(k) = 3*k + 6. Calculate d(p).
-3
Let v(t) = -1843*t - 14717. Let x be v(-8). Let n(o) = -2*o + 65. What is n(x)?
11
Let c(p) be the second derivative of 39/2*p**2 - 1/6*p**4 + 37*p + 1/6*p**3 + 0. Let u(b) be the first derivative of c(b). Calculate u(-5).
21
Suppose -2*i - 6 = -q, 13*i = 3*q - 13 + 2. Let p(k) be the second derivative of -k**4/12 + 3*k**3/2 - k**2/2 + k. Calculate p(q).
7
Let p(i) be the first derivative of -i**4/4 + 2*i**3/3 + i**2/2 + i + 1. Suppose -20*s - 200 = -60. Let n be -5 - -3 - (s + -13)/4. Determine p(n).
-5
Let d(k) be the first derivative of -113*k**2/2 - 2*k - 4996. What is d(1)?
-115
Suppose -5*j + 22 = 2. Let p(d) = -2*d + j*d + 2 - 2 + 2. Suppose 0 = -3*y + 2*q - 16, -4*q = -y - 17 + 5. What is p(y)?
-6
Let j be -9 + (-35)/(-14)*(-120)/(-50). Let x(v) = -v**3 - 2*v**2 - 3*v - 7. Determine x(j).
11
Let d(v) = -37*v**2 + 19*v. Let l(f) = 17*f**2 - 10*f + 1. Let n(m) = -6*d(m) - 13*l(m). Calculate n(-15).
-28
Let b(d) be the first derivative of d**2 + 66*d + 193. Calculate b(-30).
6
Suppose -580 = -6*d - 298. Let n(h) = 7*h - 7. Let x be n(-5). Let y = d + x. Let f(t) = t**2 - 4*t - 7. Calculate f(y).
-2
Let a(z) be the first derivative of 50 - 347 + z*